2*d, 2*d = -f + 40. What is the highest common divisor of 57 and f?
19
Suppose z + 4 = -z + 2*t, -4*z + t - 11 = 0. Let y be 3 - (-2)/(z + 2). Calculate the highest common factor of y and 8.
1
Let i = 52 - 36. What is the highest common factor of i and 144?
16
Suppose -49 = -3*j - 13. Let z(m) = 3*m - 1. Let h be z(7). Let n = -2 + h. What is the greatest common divisor of n and j?
6
Suppose -326 = -5*s + 169. What is the greatest common divisor of 9 and s?
9
Let q be 1*(-3)/(9/69). Let u(v) = 36*v**2 + 2*v - 1. Let m be u(1). Let h = q + m. Calculate the greatest common divisor of h and 70.
14
Let n = 6 + 14. Suppose -4*k + 10 = -2*k. What is the greatest common factor of k and n?
5
Let w(b) = -b**3 + 4*b**2 - 3*b + 3. Let j be w(3). Suppose -40 = -g - j*g. Calculate the highest common divisor of g and 25.
5
Suppose 0 = m - 30 - 20. Let n = 10 + 31. Suppose 2*z = n - 1. What is the greatest common factor of m and z?
10
Suppose -q + 4*h = -65, 4*q - 216 = 2*h + 3*h. What is the greatest common divisor of q and 7?
7
Suppose 30 = 4*a - 14. Suppose -u - 11 = -5*z, 4*z - u - a = 2*u. Suppose -g + 1 = -z. What is the highest common divisor of 21 and g?
3
Suppose 5*v = -i + 460, 62 = -2*v - 4*i + 264. What is the greatest common divisor of 13 and v?
13
Suppose -5*o = -4*o - 10. Calculate the greatest common divisor of o and 20.
10
Suppose -4*c + 34 = -62. What is the highest common factor of c and 96?
24
Let g be 1 + -5*(-1)/(-1). Let z be g/2*(-33)/6. Let x be (2 - 85/4)*-4. Calculate the highest common divisor of x and z.
11
Suppose -15 = 5*c, 3*h + h + 4*c = 0. What is the highest common factor of h and 9?
3
Suppose -5*d + 20 = -5*x, -5*d - 3*x - 2*x = -30. Suppose -f = -2*v - 2*f + 40, 82 = d*v - 2*f. Calculate the highest common divisor of 9 and v.
9
Let r = 9 - 4. Suppose -3*x + 3*c + 30 = 0, 5*x + 2*c - r*c = 54. Calculate the highest common factor of 132 and x.
12
Suppose r + 5*b - 73 = 0, 9 - 269 = -4*r - 4*b. What is the highest common divisor of 9 and r?
9
Let o = -7 - -6. Let n be (o + (0 - -3))/2. Calculate the greatest common factor of 2 and n.
1
Let h(n) = -20*n - 2. Let p be h(-1). What is the greatest common divisor of p and 27?
9
Suppose -n = -2 - 0. Suppose -4*y = n*g + 32, 0*y - 2*y + 4*g + 4 = 0. Let l be (-2)/(-6) + (-34)/y. What is the greatest common divisor of l and 3?
3
Let r = -9 - -18. Calculate the highest common divisor of r and 45.
9
Let w(o) = -27*o. Let z be w(-3). Suppose 8*u + 36 = 4*r + 6*u, 0 = u. Calculate the greatest common factor of z and r.
9
Let z = 69 - 13. Let w be 212/26 - 4/26. What is the highest common factor of z and w?
8
Let p = -40 - -150. Calculate the highest common factor of 10 and p.
10
Let n(c) = 2*c. Let u be n(2). Suppose 0 = -5*f + 5 + 55. What is the highest common divisor of f and u?
4
Let g(v) = v**3 + 6*v**2 + 6*v + 2. Let t = -14 + 10. Let w be g(t). What is the greatest common factor of w and 70?
10
Let c be 2/((8/50)/(-2)). Let m = 149 + -219. Let z = c - m. Calculate the greatest common factor of 9 and z.
9
Let v(u) = -2*u**3 - 4*u**2 + u - 1. Let y be v(-3). Let i be 51/12*4 - 3. Calculate the highest common factor of i and y.
14
Let j(n) = n**2 + 8*n + 6. Let x be j(-9). Let b = 241 - 91. What is the highest common divisor of x and b?
15
Let d = 393 + -257. Suppose -5*y + 4*y = -h - 16, -20 = -y + 2*h. Suppose y = 2*q - 22. What is the highest common divisor of q and d?
17
Suppose -16 = -f + 4*d, 3*f = 2*f - 2*d + 22. What is the greatest common factor of f and 10?
10
Suppose -3 = -2*o - o, 4*o - 54 = 5*f. Let i(h) = h**3 + 9*h**2 - 12*h - 15. Let x be i(f). What is the highest common divisor of x and 55?
5
Let u = 121 - 116. What is the highest common divisor of 5 and u?
5
Suppose 203 = -27*k + 34*k. What is the highest common divisor of k and 145?
29
Let g be 2010/14 - 6/(-14). Suppose 3*k - k - g = 0. Suppose 15 = -3*z + 42. What is the highest common factor of k and z?
9
Let g be (-6)/(-1)*(-1)/(-3). Let t be -3 + g + 387/3. What is the greatest common divisor of t and 16?
16
Let b be 4/3*(2 + 87/6). What is the highest common factor of 11 and b?
11
Suppose 0 = -w - 4*t - 3, -2*w - 5*t + 3 + 0 = 0. Let n be (-80)/120*(-4)/(8/135). Calculate the greatest common factor of w and n.
9
Suppose -u - 3*u + 124 = 4*w, u + 4*w - 16 = 0. What is the highest common divisor of 8 and u?
4
Suppose -u + 16 = -0*u. What is the highest common factor of 24 and u?
8
Let d(u) = 4*u + 1. Let s be d(1). Calculate the highest common divisor of s and 45.
5
Let b(c) = 12*c**2 + 2*c + 1. Let s be b(-1). Suppose 0 = -2*w - 0*w + 22. What is the greatest common factor of s and w?
11
Suppose -4*d = -2*d - 200. Suppose 0 = 4*l - 7*l. Suppose f + f = 4*c + 44, l = 4*f - 2*c - d. What is the greatest common divisor of f and 13?
13
Let h be ((-712)/(-20) - -5) + 6/(-10). Calculate the highest common factor of 5 and h.
5
Suppose 3*o = 2*c - 582, 4 = 2*o + 12. What is the greatest common factor of 15 and c?
15
Suppose -2*z = -3*z. Suppose z = -2*w - 5*u + 196, 20 = 7*u - 2*u. Let r = w - 40. Calculate the greatest common divisor of 12 and r.
12
Suppose -7 = -5*s - 27. Let a be -6 + 1 - (s + 3). Let x(g) = -41*g + 4. Let c be x(a). Calculate the highest common divisor of 21 and c.
21
Let j(m) = -6*m + 1. Let x be j(-2). Calculate the highest common factor of x and 52.
13
Let x(m) = -2*m**2 + 8*m - 6. Let w be x(5). Let r be (w/(-5))/((-2)/(-5)). Calculate the greatest common divisor of 16 and r.
8
Let w(o) = o**3 + 14*o - 2 + 4*o**2 + 0 - 36*o + 20*o. Let g be w(2). Calculate the greatest common divisor of g and 9.
9
Suppose 3*o + 8 = q, 2*q - 5*o - 10 = 10. Let c be ((-5)/(-20))/((-2)/(-40)). Calculate the greatest common factor of q and c.
5
Suppose 6*n - 4*n + 330 = 5*y, 0 = 5*y + 4*n - 330. Calculate the highest common factor of 99 and y.
33
Suppose u = -j - 5, 3*j - 5*u = -2*u + 3. Let w = j - -7. Suppose 390 = w*c - 2*c. Calculate the highest common divisor of c and 13.
13
Suppose -2*v = -17 + 7. Let f = 2 - 1. Calculate the greatest common factor of f and v.
1
Suppose 4*n + 198 - 22 = 0. Let d be 1 - (1 - n/(-2)). Suppose -5*q - 4*y - 8 = -18, 4*q - 5*y - 8 = 0. What is the greatest common divisor of q and d?
2
Let f = 171 + -36. Calculate the greatest common divisor of 15 and f.
15
Suppose 0 = 3*c - 14 - 19. Suppose 3*p + 0*p + 189 = 3*k, 0 = 4*k - 5*p - 249. What is the greatest common divisor of k and c?
11
Suppose 0 = -2*n + 5*n + 675. Let j be (32/(-20))/(6/n). Calculate the highest common divisor of j and 15.
15
Suppose -490 = -4*w + 38. Suppose 2*b + 2*c = 8, 11 = 4*b - 4*c + 3*c. Let a be -4 + b + (-2 - -15). Calculate the greatest common divisor of a and w.
12
Suppose -2*o - 3*y = -2*y + 4, 3*o + 3*y + 6 = 0. Let z be (-3 - -1)/(o/7). What is the greatest common divisor of z and 14?
7
Let u = 110 + -30. Calculate the greatest common factor of u and 48.
16
Suppose t + 4*d - 16 = -t, 0 = t - 5*d - 29. Calculate the greatest common divisor of t and 112.
14
Let n be ((-4)/10)/((-6)/1080). Calculate the highest common divisor of 9 and n.
9
Suppose -2*w + 93 = -11. Let m = w + -13. Let s = 55 + -29. Calculate the highest common divisor of m and s.
13
Suppose -4*p = 3*q - 67, 0 = 5*q + p + 4*p - 115. Suppose -6*k = -k - q. Calculate the greatest common divisor of 25 and k.
5
Let l = 4 + -1. Suppose 132 = -l*i + 5*i - 3*b, -4*i = b - 250. What is the greatest common divisor of 7 and i?
7
Suppose 4*l - 42 - 30 = 0. Suppose 6*s - 3*s - l = 0. Calculate the greatest common factor of s and 6.
6
Suppose 5 = -b, 2*b - 4*b - 35 = -5*i. Calculate the highest common factor of i and 5.
5
Suppose -2*x = -3*f + 113, 0*x = -f + x + 37. Calculate the greatest common factor of f and 3.
3
Let v be 1 - 1 - -3 - (11 + -15). What is the highest common factor of v and 7?
7
Let y(c) = -c**3 + 6*c**2 + c + 4. Let k be y(6). Suppose -20 = -2*z + k. Suppose -165 = -3*u + 2*u. Calculate the highest common divisor of u and z.
15
Suppose 0 = j + 2*j - 9. Suppose 0 = -2*d - j*d + 40. Suppose -3*b + 4*b - d = 0. Calculate the highest common divisor of 4 and b.
4
Suppose 6*u - 112 = -u. What is the highest common divisor of 4 and u?
4
Let g = 36 - -4. Suppose -3*k = -4*k + 2, m + 3*k = 8. Let r be 1 - 3 - m*-5. Calculate the gre